d by n(-7)?
0
Let o = -419 + 511. What is the remainder when o is divided by (6*15/(-10))/(-3)?
2
Let f = 16804 - 14564. Calculate the remainder when f is divided by 9.
8
Suppose -v - 8 = -51. Let j = -35 + v. What is the remainder when 27 + -2 + 0 + 2 is divided by j?
3
Suppose 0 = k + 4*p - 2617, 4*k - 10468 = -20*p + 19*p. What is the remainder when k is divided by 97?
95
Let x(y) = -8*y - 25. Let o be ((-30)/25)/((-4)/5 + 1). Calculate the remainder when ((-3)/6)/(1/(-86)) is divided by x(o).
20
Suppose -2*u - 67 = -63. Let a be u/(-1) + 5*-2. Calculate the remainder when a + 5 + 32/2 is divided by 4.
1
Let x be 444/84 - 4/14. Suppose x*o - 156 = 324. What is the remainder when 281 is divided by o?
89
Suppose 5*n - 101 = -4*o, -2*o - 3*o + 20 = 0. Let m(l) = 56*l - 981. Calculate the remainder when m(19) is divided by n.
15
Let w = 3 + -3. Let j be 11/4 + 18/(-24). What is the remainder when 33 is divided by w - -2 - (-34)/j?
14
Let n(m) be the first derivative of -m**4/4 + 4*m**3 + m**2/2 + m - 3. What is the remainder when n(12) is divided by ((-7)/(-6)*-3)/((-1)/2)?
6
Suppose 5477*p = 5483*p - 552. What is the remainder when p is divided by 6?
2
Suppose -267 = -42*u + 41*u + 4*b, 0 = 3*b - 6. Calculate the remainder when 941 is divided by u.
116
Let g(w) = -w**3 - 3*w**2 - 2*w + 1. Let b be g(-3). Suppose b*x = 4*x + 15. Suppose 2*n = -x*r + 15 + 7, -r = 0. What is the remainder when 19 is divided by n?
8
Suppose -7*y - 43*y + 114159 = 26809. Calculate the remainder when y is divided by 23.
22
Let k(b) = b**2 + b - 3. Let i(x) = -6*x**2 + 128*x - 126*x - 2*x**3 + 15 + x**3. Let o be i(-6). What is the remainder when 25 is divided by k(o)?
7
Let o(s) = 6*s**2 - 6*s - 14. Let k be 20/15*(42/4)/(-7). What is the remainder when 73 is divided by o(k)?
7
Let z(x) = -x**2 + 8*x - 7. Let c be z(3). Calculate the remainder when ((-2)/c - 7007/(-44))*1 is divided by 16.
15
Let q(u) = u**3 + 16*u**2 + 17*u + 39. Calculate the remainder when 856 is divided by q(-15).
1
Let z = 12404 + -9530. What is the remainder when z is divided by 5?
4
Let r(a) = -4*a - 106. Let z(v) = 2*v + 53. Let k(o) = -3*r(o) - 5*z(o). Calculate the remainder when 75 is divided by k(-13).
21
Let c = 177 - 50. Let j = 153 - c. Let f(g) = g**3 + 8*g**2 + 6*g + 3. What is the remainder when f(-5) is divided by j?
22
Let d = 1 - -23. Calculate the remainder when 10/(-2) + 124*7/2 is divided by d.
21
Suppose -93 = -19*t + 58*t - 483. Calculate the remainder when 45 is divided by t.
5
Let b = 168 - 93. Suppose -30 = -y - b. What is the remainder when (-18)/y + 1496/10 is divided by 38?
36
Let t(x) = 10*x - 44. Let p be t(4). What is the remainder when 72 - 2 - ((-12)/p)/3 is divided by 7?
6
Let f = 5256 - 5178. What is the remainder when 286 is divided by f?
52
Let l be ((-25)/10 - -3)*106 - 3. Suppose 0 = 2*n + r - 136, 2*n - l = -3*r + 82. What is the remainder when n is divided by 15?
9
Let q(r) = 3*r**2 - 96*r + 649. Calculate the remainder when q(7) is divided by 14.
12
Calculate the remainder when 282 is divided by 17 + 17/((-136)/(-496)).
45
Let x be (-21)/27 + 0 - (-52)/(-234). Let y = -25 - -58. Calculate the remainder when ((-10)/4)/((-200)/(-208) + x) is divided by y.
32
Suppose -23*c = -1416 - 23487 - 719. Calculate the remainder when c is divided by 165.
124
Let g(a) = 34*a**2 - 13*a - 1. Calculate the remainder when 776 is divided by g(1).
16
Let s(o) = 8*o - 6. Suppose -9 = 2*f - 3*u, 4 - 1 = 2*f + u. Suppose -4*i - 9 = -2*c + 7, f = i + 3. What is the remainder when 78 is divided by s(c)?
8
Let y(v) = 2*v**2 - 28*v - 4. Let r be y(32). Let u = r - 776. What is the remainder when u is divided by 25?
22
Let u be 90/27*(45/6)/5. Suppose a = 2*i + 17, -20 = 6*a - 7*a + u*i. Calculate the remainder when 73 is divided by a.
13
Suppose -3*p + 26 + 25 = 0. Let f be 10/(-4)*112/70. What is the remainder when p is divided by 3*2 - (-1 - (f - -1))?
1
Let u(c) = -c**3 - 5*c**2 + 6*c + 4. Suppose 0 = -5*s + 4*p + 701, 3*s - 75*p + 77*p = 381. Calculate the remainder when s is divided by u(-6).
1
Suppose -37022 = 526*c - 740*c. What is the remainder when 20413 is divided by c?
172
Suppose -2*u + 1208 = -5*s - 270, 3*u - 2*s - 2206 = 0. Calculate the remainder when u is divided by 192.
158
Let f(q) = q**3 - 2*q**2 + 2*q. Let t be f(4). Let j = -6950 + 6958. What is the remainder when -2 - (-3)/(3/t) is divided by j?
6
Suppose -3*k + 5*a = -56, -k - 4*a - 4 + 0 = 0. Suppose -13*w = -k*w - 53. What is the remainder when w is divided by 21?
11
Suppose 0 = -2*o + 3*l - 2, -4*o + 2*o + l - 6 = 0. Let t = 7 - o. Suppose -9*u = -t*u + 108. What is the remainder when u is divided by 19?
16
Let u be (-122)/8 - 7/(-28). Suppose 4*n - 20 = 0, 5*x + 4*n = 499 + 76. Calculate the remainder when x is divided by (2 + u)/((-2)/6).
33
Let f be (-5 - -9 - 4)/((-4)/(-2)). Suppose -3*r + 52 = y - r, f = 4*y + r - 222. Let a = 78 - y. Calculate the remainder when a is divided by 6.
4
Let u(b) = -4*b - 5*b**2 + 2*b + 4*b**3 - 8*b + 7*b - 10. What is the remainder when u(5) is divided by 59?
55
Let a(i) = 3*i**2 + 3*i + 370. What is the remainder when a(50) is divided by 21?
19
Let g = -625 - -1005. Suppose -2*x + 265 = v, -15*x + 18*x = 2*v + g. What is the remainder when x is divided by 44?
42
Let t(i) = i**2 + 26*i + 36. Let d be (-15)/9*((13 - 0) + 2). Calculate the remainder when 50 is divided by t(d).
6
Let x = -3724 + 4423. Calculate the remainder when x is divided by 27.
24
Let f = 65 - 30. Let c = 363 - 245. Let u = c + f. What is the remainder when u is divided by 39?
36
What is the remainder when 366 is divided by (-2)/7 + (-23493)/(-861)?
15
Suppose 0 = 20*z - 1610 + 1030. Calculate the remainder when 396 is divided by z.
19
Let g = 165821 - 165697. Calculate the remainder when g is divided by (-25)/(-1) - (0 + 0).
24
Let s be (3141/42 - (-4)/(-14))*-2. Let f = 230 + s. Calculate the remainder when f is divided by 29.
23
Calculate the remainder when ((-195)/(-650))/((-1)/(-1010)) is divided by 44.
39
What is the remainder when 125 is divided by ((-1)/8)/((-15)/(841 + -1))?
6
Let o = 93 + -94. Suppose -3*c = 3*n - 75, c + 33 = n - 2*c. What is the remainder when (138 - o) + -2 + -3 is divided by n?
26
Let i = 153 + -134. Suppose 6*b - 16 = 2*b. Suppose 0 = -b*v - 85 + 377. What is the remainder when v is divided by i?
16
Let c = -3182 - -3214. What is the remainder when 40 is divided by c?
8
Suppose -35*y = 14*y - 5880. Calculate the remainder when 584 is divided by y.
104
Let o = 0 + 1. Let j(i) = 4*i**2 + 65*i - 639. What is the remainder when -1 + 2 + o - -42 is divided by j(7)?
8
Let f = 266 - 263. Suppose 924 = 3*n - 3*a, 7*a = -5*n + f*a + 1540. What is the remainder when n is divided by 26?
22
Let t(r) = -5*r**3 - 27*r**2 + 9*r - 47. Let p(u) = -3*u**3 - 14*u**2 + 4*u - 24. Let j(v) = 7*p(v) - 4*t(v). What is the remainder when 82 is divided by j(9)?
24
Suppose -8*o - 378 - 3758 = 0. Let b = o + 558. What is the remainder when 126 is divided by b?
3
Let d = 23 - 20. Suppose d*f = 6*f + y - 144, 0 = -3*f + y + 144. Calculate the remainder when f is divided by 3.
0
Let r(u) = -u**3 - u**2 - u - 2. Suppose -194*i = -197*i - 6. What is the remainder when r(-2) is divided by (-1)/(i/4*2)?
0
Let c(n) = -5 + 134*n - 134*n + n**2. Calculate the remainder when 47 is divided by c(-4).
3
Suppose -10724*a = -10806*a + 3116. Let u(h) = 15*h**3 - 3*h**2 + 3*h - 3. Calculate the remainder when u(2) is divided by a.
35
Suppose -2*y = -4*x + 1726, 0 = 3*x - 1848*y + 1850*y - 1298. Calculate the remainder when x is divided by 100.
32
Let a = -37 - -72. Let x(v) = -v**2 + 10*v - 12. Let i(y) = 2*y**2 - 4*y - 23. Let l be i(-3). What is the remainder when a is divided by x(l)?
8
Let n(o) = -18*o**3 + 40*o**2 - 19*o - 6. What is the remainder when n(-5) is divided by 76?
71
Let x(r) = 130*r - 107. Let b be x(5). Calculate the remainder when b/((15 + -6)*2/12) is divided by 13.
11
Suppose 159 = c + 2*n, 20*n + 12 = 18*n. What is the remainder when 351 is divided by c?
9
Let d(f) = -135*f - 119. Let i be d(-10). Suppose -i - 5307 = -14*j. What is the remainder when j is divided by 39?
38
Suppose -2*u = -5*f + 40, -37*u = -36*u. Let n(p) = 20*p - 16. What is the remainder when n(f) is divided by 31?
20